269 composite?
False
Is 23768347 a composite number?
False
Is 104633933 a composite number?
False
Is 373831 a prime number?
False
Is 8793541 prime?
True
Is 21413797 a composite number?
True
Is 11357579 a prime number?
True
Is 11289601 prime?
True
Is 188107 prime?
True
Is 7091809 a composite number?
True
Is 11519867 composite?
False
Is 9938899 a composite number?
False
Is 559967 composite?
False
Is 13683223 a composite number?
True
Is 145748711 a prime number?
True
Is 3054949 a prime number?
True
Is 44325941 composite?
True
Is 10159087 a composite number?
False
Is 84472763 a prime number?
True
Is 4796573 a composite number?
False
Is 55146001 a composite number?
True
Is 13451779 prime?
False
Is 11571913 composite?
False
Is 21730043 composite?
True
Is 30322207 a prime number?
True
Is 640671653 a prime number?
False
Is 6664999 a composite number?
True
Is 17566679 a composite number?
True
Is 8417417 a prime number?
False
Is 42613183 a composite number?
True
Is 4854821 composite?
False
Is 12611821 prime?
True
Is 6041779 composite?
True
Is 108286081 a prime number?
True
Is 63753823 a prime number?
False
Is 1756543 a composite number?
True
Is 138379 a composite number?
True
Is 71904057 a composite number?
True
Is 3451759 prime?
True
Is 6697706 a composite number?
True
Is 46411117 composite?
False
Is 292089547 prime?
True
Is 28831409 a composite number?
False
Is 4333279 prime?
True
Is 52919 composite?
False
Is 312390019 composite?
False
Is 173031853 a composite number?
True
Is 1743899 prime?
False
Is 99578347 prime?
False
Is 16437041 composite?
False
Is 24788677 a composite number?
True
Is 12249269 a prime number?
True
Is 58489609 a prime number?
True
Is 262988029 composite?
True
Is 50269 prime?
False
Is 2339206 composite?
True
Is 33328421 a prime number?
False
Is 55597693 a composite number?
True
Is 293221993 a prime number?
True
Is 51984661 a composite number?
True
Is 11131 prime?
True
Is 5736274 a composite number?
True
Is 157087423 composite?
False
Is 13604737 a composite number?
False
Is 8675189 a composite number?
False
Is 146863214 a prime number?
False
Is 286975603 a prime number?
True
Is 322070093 prime?
True
Is 29056919 a prime number?
False
Is 8941 composite?
False
Is 116292919 composite?
False
Is 10435903 composite?
False
Is 97176983 prime?
False
Is 81414811 a prime number?
True
Is 17835799 a composite number?
False
Is 141566003 a composite number?
False
Is 24721519 composite?
True
Is 65270299 prime?
True
Is 1184873 composite?
True
Is 9144349 composite?
True
Is 63653963 a prime number?
True
Is 1943939 prime?
False
Is 18949139 composite?
True
Is 30403558 composite?
True
Is 2530031 composite?
True
Is 71049317 prime?
False
Is 17495347 a composite number?
False
Is 543769 composite?
False
Is 18860981 composite?
False
Is 2370353 a prime number?
False
Is 26167619 a composite number?
True
Is 4392133 a composite number?
False
Is 2539 a prime number?
True
Is 7797401 a prime number?
True
Is 18289231 composite?
False
Is 8473947 a composite number?
True
Is 237955807 a prime number?
True
Is 58742201 a composite number?
True
Is 23938105 composite?
True
Is 8149991 composite?
False
Is 145128993 a prime number?
False
Is 905327 a composite number?
True
Is 87649721 composite?
False
Is 3128003 a composite number?
True
Is 1556833 composite?
True
Is 7093639 a prime number?
False
Is 53752661 a composite number?
False
Is 705139 a composite number?
True
Is 228509 a prime number?
True
Is 778137 a composite number?
True
Is 61630251 a composite number?
True
Is 14416541 a composite number?
False
Is 205789861 prime?
False
Is 1435349 composite?
True
Is 10686023 prime?
True
Is 2678359 a composite number?
False
Is 89701 a composite number?
True
Is 31518989 a composite number?
False
Is 147317893 a composite number?
True
Is 189547 a composite number?
False
Is 1411603 a prime number?
True
Is 353388209 prime?
True
Is 193955137 composite?
False
Is 3044347 composite?
False
Is 28912981 composite?
False
Is 16807103 a composite number?
False
Is 3393833 a prime number?
True
Is 1174931597 a prime number?
False
Is 212161 composite?
False
Is 22463 prime?
False
Is 11960638 a prime number?
False
Is 511971683 composite?
True
Is 1364287 composite?
False
Is 8125085 prime?
False
Is 279696349 a prime number?
True
Is 635923867 prime?
False
Is 11075513 prime?
False
Is 87909793 a composite number?
False
Is 3998087 a composite number?
True
Is 21785611 a composite number?
False
Is 1292065 composite?
True
Is 197582513 a prime number?
True
Is 15109129 a composite number?
True
Is 444791 composite?
False
Is 952914067 a composite number?
True
Is 109273 composite?
True
Is 176368463 a composite number?
False
Is 86219633 composite?
False
Is 5413013 composite?
False
Is 16564547 composite?
False
Is 51367201 a prime number?
False
Is 16097519 prime?
False
Is 5025271 prime?
False
Is 80004989 a prime number?
False
Is 1381513 a composite number?
True
Is 1375457 prime?
True
Is 10499981 composite?
False
Is 8513731 a prime number?
True
Is 3827066 a composite number?
True
Is 1056269 composite?
False
Is 60119153 a prime number?
True
Is 34525951 composite?
True
Is 7965209 a composite number?
True
Is 79397489 a composite number?
False
Is 12896617 a prime number?
True
Is 5416603 a prime number?
True
Is 95478581 composite?
True
Is 79072483 a prime number?
False
Is 51320491 composite?
False
Is 30110417 composite?
True
Is 649515063 a prime number?
False
Is 827054 prime?
False
Is 1623077 a composite number?
False
Is 42102623 composite?
True
Is 7114865 a composite number?
True
Is 7152139 a prime number?
True
Is 55016771 composite?
False
Is 20460731 a composite number?
True
Is 8118391 a prime number?
True
Is 44427839 prime?
True
Is 1980469 composite?
False
Is 3346441 a prime number?
False
Is 7904333 a prime number?
True
Is 1350409 a prime number?
False
Is 59368531 a composite number?
False
Is 10945973 a prime number?
True
Is 2830421 composite?
True
Is 417602981 composite?
False
Is 14714933 composite?
False
Is 14645221 composite?
False
Is 364657186 a composite number?
True
Is 10519577 a composite number?
False
Is 4843831 a composite number?
False
Is 14731399 a prime number?
False
Is 634367 a composite number?
False
Is 57545797 composite?
False
Is 7407553 a composite number?
True
Is 254283005 composite?
True
Is 38152381 a prime number?
False
Is 2784109 prime?
True
Is 28785457 a composite number?
False
Is 20823562 a prime number?
False
Is 391299817 prime?
False
Is 657057581 a composite number?
True
Is 3405463 composite?
False
Is 935651309 composite?
False
Is 4302359 prime?
True
Is 1197682 prime?
False
Is 5023751 a prime number?
True
Is 74158757 a composite number?
True
Is 25151447 prime?
False
Is 714341 composite?
False
Is 162195683 a composite number?
True
Is 211035947 composite?
False
Is 5743337 a composite number?
False
Is 58640569 a prime number?
False
Is 68873929 a composite number?
False
Is 2757563 a prime number?
True
Is 11322251 composite?
False
Is 1527373 a composite number?
True
Is 16339709 prime?
True
Is 58184557 a prime number?
False
Is 3245687 composite?
False
Is 419190287 prime?
False
Is 105721193 a composite number?
False
Is 146163939 a composite number?
True
Is 26046421 prime?
False
Is 136621 prime?
True
Is 5415259 composite?
False
Is 24537839 a composite number?
False
Is 1916077 a prime number?
False
Is 447677 prime?
True
Is 650213 composite?
False
Is 475128091 a composite number?
False
Is 1469833 prime?
True
Is 183599993 composite?
False
Is 188355439 composite?
False
Is 9828757 composite?
True
Is 31107145 a composite number?
True
Is 18023981 a prime number?
True
Is 517166395 a composite number?
True
Is 569797 composite?
False
Is 1364623313 prime?
True
Is 16604663 composite?
True
Is 9727223 composite?
True
Is 3701041 prime?
False
Is 1895869 prime?
True
Is 67975429 prime?
False
Is 26564347 a composite number?
False
Is 5135653 prime?
True
Is 16264843 a composite number?
True
Is 70290623 prime?
False
Is 8990417 a prime number?
False
Is 29767259 a prime number?
True
Is 990565609 composite?
True
Is 27629387 a composite number?
False
Is 6858517 a composite number?
False
Is 7423149 a prime number?
False
Is 22631761 a prime number?
True
Is 28592297 a composite number?
False
Is 1234291 a composite number?
True
Is 151